lculate a(0).
-5
Let h(v) = 9*v**2 + 35*v - 1. What is h(-5)?
49
Let b(v) = 3*v**2 - 72*v + 20. Give b(23).
-49
Let b(s) = -59*s - 584. What is b(-10)?
6
Let f(x) = x**2 + 3618*x - 47194. Calculate f(13).
9
Let c(g) = -48*g**2 + 44*g + 43. Calculate c(-1).
-49
Let m(d) = 22*d - 1192. Calculate m(50).
-92
Let p(l) = l**3 - 18*l**2 + 125*l - 330. Calculate p(5).
-30
Let w(u) = -u**2 - 168*u + 1429. Give w(8).
21
Let n(p) = -p**3 - 16*p**2 - 92*p - 204. Calculate n(-8).
20
Let g(i) = 5*i - 108. What is g(7)?
-73
Let g(y) = -8*y**2 + 1114*y - 280. Give g(139).
-2
Let i(j) = 11*j + 44. Determine i(-19).
-165
Let p(g) = 4*g - 86. Determine p(18).
-14
Let z(s) = s**3 + 22*s**2 + s + 606. Give z(-23).
54
Let i(v) = v**3 + 32*v - 85. What is i(0)?
-85
Let u(j) = -j**3 - 36*j**2 + 353*j + 2242. Give u(-43).
6
Let f(m) = -1206*m - 10820. Calculate f(-9).
34
Let q(w) = -584*w + 259301. Determine q(444).
5
Let a(x) = 162*x + 622. Calculate a(-4).
-26
Let n(x) = 62*x - 673. Determine n(11).
9
Let c(t) = -3*t**2 + 146*t + 53. Determine c(49).
4
Let q(k) = -6*k - 154. Give q(-15).
-64
Let h(y) = -5*y**3 + 157*y**2 - 66*y + 96. Determine h(31).
-28
Let q(c) = c**3 - 18*c**2 + 8*c + 48. What is q(17)?
-105
Let y(i) = 391*i - 399. Give y(1).
-8
Let y(t) = -39*t**2 + 334*t + 171. What is y(9)?
18
Let y(t) = -4*t**2 - 8*t - 19. What is y(-2)?
-19
Let s(q) = 26*q**2 - 285*q - 35. Give s(11).
-24
Let y(s) = -16*s - 685. Determine y(-40).
-45
Let v(d) = -d**2 + 30*d - 32. Give v(17).
189
Let s(q) = 9*q**3 + q**2 + 10*q + 9. Calculate s(-1).
-9
Let s(u) = 768*u + 1536. Determine s(-2).
0
Let m(j) = -106*j**2 + 8*j - 7. Give m(1).
-105
Let u(l) = -l**3 + 14*l**2 - 12*l + 70. Give u(10).
350
Let v(x) = -2*x**3 - 2*x**2 + 7*x - 34. Determine v(-4).
34
Let v(n) = -n**3 - 204*n**2 - 17*n - 12. What is v(0)?
-12
Let h(n) = -n**2 + 132*n + 124. Calculate h(0).
124
Let r(s) = -s**2 - 13*s + 1. Calculate r(6).
-113
Let q(h) = 2*h**3 - 23*h - 16. Determine q(-5).
-151
Let m(o) = -2*o**3 - 43*o**2 + 95*o + 1614. Give m(-22).
8
Let s(t) = -t**3 - 6*t**2 + 593*t + 4618. Calculate s(-8).
2
Let z(f) = -3*f**3 - 82*f**2 - 31*f - 95. Give z(-27).
13
Let o(q) = -q**3 + 2*q - 19. Calculate o(0).
-19
Let c(x) = -x**3 - 48*x**2 + 4*x + 43. Determine c(-48).
-149
Let j(a) = a**2 - 86*a + 1800. Give j(51).
15
Let z(y) = -y**2 + 14*y + 625. Determine z(-19).
-2
Let g(d) = 2*d**2 - 29*d + 87. Give g(7).
-18
Let u(d) = -d**2 + 22*d - 8. Calculate u(23).
-31
Let v(w) = -5*w - 24. Give v(4).
-44
Let n(c) = -c**3 + 23*c**2 + 15*c + 6. What is n(24)?
-210
Let h(r) = -16*r**2 - 1365*r + 1365. Determine h(1).
-16
Let z(n) = -n**3 + 5*n**2 + 272*n - 1814. What is z(7)?
-8
Let r(x) = -x**2 + x + 72. Give r(-8).
0
Let g(q) = 63*q + 676. Determine g(-11).
-17
Let z(g) = -10*g - 174. Give z(-13).
-44
Let k(b) = b**3 - 18*b**2 - 21*b + 11. Determine k(19).
-27
Let j(w) = w**3 - 4*w**2 - 151*w - 560. Calculate j(-6).
-14
Let z(c) = 17*c**2 - 730*c - 49. What is z(43)?
-6
Let z(m) = -m**3 + 7*m**2 + 17*m + 62. Calculate z(9).
53
Let p(w) = w**3 + 41*w**2 + 111*w + 46. What is p(-38)?
160
Let k(a) = -309*a + 25957. Determine k(84).
1
Let v(s) = 13*s + 40. Calculate v(-14).
-142
Let p(v) = -2*v + 62. Give p(0).
62
Let f(t) = t**3 + 18*t**2 + 34*t - 23. Calculate f(-12).
433
Let t(a) = a**2 - 16*a - 12. Determine t(25).
213
Let i(u) = -26*u - 2115. Give i(-82).
17
Let p(v) = v**3 - 53*v**2 - 61*v + 399. Calculate p(54).
21
Let u(v) = v**2 + 40*v - 1463. Give u(-63).
-14
Let s(v) = v**3 + 7*v**2 - 30*v - 104. Calculate s(-9).
4
Let m(w) = -1651*w + 1602. Determine m(1).
-49
Let x(l) = l**3 - 27*l**2 + 154*l + 370. Give x(13).
6
Let p(a) = -18*a - 2552. Give p(-143).
22
Let u(f) = -20*f**3 + 5*f**2 - 10*f - 15. Determine u(-2).
185
Let w(x) = x**3 - 100*x**2 + 266*x - 6864. Determine w(98).
-4
Let q(y) = 3*y**2 - 178*y - 291. Determine q(61).
14
Let x(h) = 3*h**2 + 47*h + 74. Determine x(-13).
-30
Let a(l) = 2*l**2 - 30*l - 112. Determine a(13).
-164
Let a(v) = v**2 - 6*v - 69. Calculate a(14).
43
Let z(t) = 39*t**2 + 1401*t - 111. Calculate z(-36).
-3
Let g(a) = 16*a**3 - 2*a**2 + 2*a - 42. Determine g(0).
-42
Let a(o) = -o**3 - 5*o**2 + 54*o - 20. Determine a(-11).
112
Let q(j) = -4*j**2 - 264*j - 94. Give q(-65).
166
Let l(y) = -8*y**2 + 6*y + 14. Calculate l(-7).
-420
Let y(m) = 7*m**2 + 98*m + 40. What is y(-16)?
264
Let n(f) = -2*f**3 + 7*f**2 + 12*f + 7. What is n(6)?
-101
Let a(s) = -2*s**2 - 3*s + 22. Calculate a(0).
22
Let n(y) = 37*y + 72. Calculate n(-1).
35
Let w(v) = -677*v + 6. Calculate w(0).
6
Let h(y) = 3*y**2 + 16*y + 3. Calculate h(-4).
-13
Let m(k) = -k**3 - 58*k**2 - 402*k - 123. Determine m(-50).
-23
Let i(m) = 3*m**3 - 215*m**2 - 71*m - 69. What is i(72)?
3
Let b(z) = -5*z**2 - 60*z - 49. What is b(-11)?
6
Let o(f) = -f + 211. Determine o(79).
132
Let i(w) = -3*w**2 + 221*w + 4727. Determine i(91).
-5
Let g(z) = -z**3 + 25*z**2 - 17*z - 184. Calculate g(24).
-16
Let p(c) = 2*c - 429. What is p(22)?
-385
Let m(p) = -40*p**2 + 1239*p + 31. Give m(31).
0
Let q(l) = l**3 - 23*l**2 - 149*l + 247. Determine q(28).
-5
Let j(f) = -13*f**3 - 156*f**2 - 27*f - 266. What is j(-12)?
58
Let i(z) = 4*z**2 - 4358*z + 8693. Give i(2).
-7
Let r(p) = 264*p + 66. Give r(-1).
-198
Let d(v) = -v**2 - 31*v - 196. Calculate d(-20).
24
Let z(k) = -3*k - 176. What is z(-27)?
-95
Let m(v) = 15*v**2 + 2*v - 3. Give m(2).
61
Let b(d) = -181*d**2 - 4163*d + 11. Determine b(-23).
11
Let u(y) = -7*y**3 - 121*y**2 - 31*y + 15. Calculate u(-17).
-36
Let k(b) = -8*b**2 + 127*b - 17. What is k(15)?
88
Let g(a) = -254*a + 5571. What is g(22)?
-17
Let d(p) = 143*p**3 - 6865*p**2 + 47*p + 43. Calculate d(48).
-5
Let v(k) = -2*k**3 + 53*k**2 - 24*k - 7. Determine v(26).
45
Let q(m) = -6*m + 103. Determine q(18).
-5
Let b(x) = -6*x**2 + 39*x - 59. Determine b(5).
-14
Let b(k) = -k**3 + k**2 + 22*k + 19. Calculate b(6).
-29
Let x(z) = 2*z**3 - 4*z**2 - 5*z + 31. Give x(-3).
-44
Let m(l) = 1990*l - 7878. Give m(4).
82
Let d(p) = -4*p**2 - 37*p - 25. Give d(-11).
-102
Let p(j) = -26*j + 138. Determine p(4).
34
Let s(x) = -33*x**2 - 1415*x - 2546. What is s(-41)?
-4
Let z(d) = 15146*d - 90874. What is z(6)?
2
Let w(p) = 79*p + 9316. Determine w(-118).
-6
Let u(b) = -7*b**2 - 122*b - 424. What is u(-13)?
-21
Let l(j) = j**3 - 4*j**2 + 4*j + 14. Calculate l(6).
110
Let j(p) = -p**3 - 19*p**2 - p - 25. What is j(-19)?
-6
Let d(f) = 4*f**3 - 76*f**2 + 67*f + 93. Determine d(18).
3
Let d(n) = -n**3 + 28*n**2 + 57*n - 115. Calculate d(30).
-205
Let p(g) = 15*g + 680. What is p(-46)?
-10
Let k(d) = d**3 - d**2 + d - 52. Give k(0).
-52
Let y(o) = -2*o**3 + 59*o**2 + 51*o - 644. Give y(30).
-14
Let z(n) = 2*n**3 - 114*n**2 - 1015*n - 1643. Give z(65).
-18
Let h(w) = -9928*w - 148925. Give h(-15).
-5
Let x(z) = 2*z**3 + 3*z**2 - 35*z + 53. Give x(2).
11
Let t(y) = -51*y**2 + 196*y + 293. Give t(5).
-2
Let i(a) = -a**2 - 13*a + 239. What is i(-15)?
209
Let u(l) = 9*l**2 + 505*l + 80. Determine u(-56).
24
Let j(t) = -205*t - 4683. Give j(-23).
32
Let y(k) = 7*k**2 + 315*k + 6. Give y(-45).
6
Let j(g) = 2*g**3 + 23*g**2 - 11*g + 31. Determine j(-12).
19
Let a(n) = 8*n + 72. What is a(-17)?
-64
Let l(i) = i**2 + 200*i - 3935. Determine l(18).
-11
Let u(p) = p**3 + 6*p**2 - 45*p + 1. Give u(-9).
163
Let l(k) = 3*k**2 + 3200*k - 6410. Calculate l(2).
2
Let h(l) = -75*l - 13279. Determine h(-177).
-4
Let k(z) = z**3 + 2*z**2 - 15*z - 10. Give k(-4).
18
Let r(f) = 76*f + 45. Give r(-2).
-107
Let k(d) = 65*d - 66. Give k(-11).
-781
Let b(i) = -752*i - 8276. Calculate b(-11).
-4
Let p(j) = j**2 - 51*j + 50. Give p(45).
-220
Let y(h) = -4*h**2 + 26*h - 119. What is y(9)?
-209
Let p(i) = 2*i**3 - 33*i**2 - 20*i + 45. Calculate p(17).
-6
Let m(y) = -615*y - 67037. Give m(-109).
-2
Let n(x) = 134*x + 64. Calculate n(4).
600
Let c(f) = -204*f - 6329. What is c(-31)?
-5
Let u(m) = -m**2 + 145*m - 4035. Calculate u(36).
-111
Let a(d) = -54*d**2 - 491*d - 39. Determine a(-9).
6
Let m(x) = -5*x**2 + 35*x - 33. Calculate m(8).
-73
Let c(r) = -21*r**2 + 172*r - 27. Give c(6).
249
Let s(y) = -72*y**2 + 198*y - 12. Determine s(3).
-66
Let c(t) = 243*t + 3652. Give c(-15).
7
Let u(t) = 5*t**2 - 63*t + 118. Determine u(10).
-12
Let p(g) = 2*g**2 + 447*g + 2590.